 -3*w - 3*m - h = -1913, -397 = -w + 5*m. Is w a prime number?
False
Is 20832660/132 + (4/(-5))/(110/25) a prime number?
True
Let c be 24 - 205 - (1 - -3). Is -29522*(-1)/5 - 111/c prime?
False
Let p be ((-2)/4*-1)/(4/32). Suppose 2*f - p*z = 564, 5*f - 456 - 906 = -2*z. Suppose 106 = b - 3*i, 3*i + f = 3*b - 20. Is b a prime number?
False
Let y be 6 - (30/5 - 2). Suppose l + y*n - n = 485, -4*l + 1958 = -5*n. Is l a prime number?
True
Is (-518138)/(25/(150/(-12))) a prime number?
False
Let p = 19416 - 4043. Is p composite?
False
Let f(l) = l**3 + 3*l**2 - 2*l. Let s be f(-3). Suppose -5*p - 31 = 3*d, 6*p = 2*d + 4*p - s. Is 139*33*d/(-6) a composite number?
True
Suppose -3*z = 4*w - 898821, 0 = 2*z - 6*w + 10*w - 599218. Is z a composite number?
False
Is 111227 + (2 + -3 + 11)*(-6)/10 a composite number?
True
Let g(s) = s**3 - 25*s**2 - 6*s - 51. Let t be g(25). Is t/469 - (1 + 286530/(-14)) a composite number?
True
Suppose 5*b + 3*c - 6 = 0, -3*b = -b + 3*c + 3. Suppose 2*l = -b*l + 2*m + 31707, -19019 = -3*l - 4*m. Is l prime?
False
Let v(r) = 1672*r**2 - 62*r + 519. Is v(13) a prime number?
True
Let g(t) be the third derivative of -t**4/24 - 8*t**3/3 + 34*t**2. Let h be g(-17). Is (-5 - -6)/(h/993) a prime number?
False
Suppose y + 2*d = 3*y - 93988, 4*y + 5*d - 187967 = 0. Is y composite?
False
Suppose -11*v - 25 + 3 = 0. Is (-5)/v*(-552)/(-20) a composite number?
True
Let q be (-19350)/39 + (-4)/(-26). Suppose -2342 = -2*z - z - 5*h, -2*z - 3*h + 1563 = 0. Let v = z + q. Is v a prime number?
True
Suppose 37*k + 15240 = 43*k. Let g = 22071 - k. Is g composite?
False
Suppose -15 = 14*m + 7 + 20. Let y(f) be the first derivative of 115*f**3 + f**2 + 14*f + 1. Is y(m) prime?
False
Let z = 311 + -314. Is (-4)/2 + 16492 + z prime?
True
Let q(c) = -2*c + 90*c**2 - 105*c**2 - 9 - c**3 - 9*c. Let h be q(-16). Let m = h + 56. Is m prime?
True
Let a(n) = -64*n**2 + 7*n + 1. Let r be a(-6). Suppose -40*q = -30*q - 35360. Let g = q + r. Is g prime?
False
Suppose -4*l = 3*j - 192436, 5*l + 43*j - 47*j = 240545. Is l composite?
False
Let q = 15 + -12. Suppose -2*i = o - 7, 0 = -i + 2*i - q*o. Suppose 10*y = i*y + 2723. Is y prime?
True
Let t(a) = 1222*a + 56. Let l be t(5). Let k = 2031 + l. Is k a composite number?
True
Let u = 35088 - -11293. Is u prime?
True
Let s = -678020 - -991633. Is s a composite number?
False
Let f(q) = -q**2 - 8*q + 14. Suppose 0 = 4*y + 8 + 28. Let h be f(y). Suppose 4*k = h*k - 251. Is k a prime number?
True
Let s = 58233 + 308533. Is s a composite number?
True
Let l(i) = 7*i**2 - 117*i + 24. Let z be l(34). Let c = z - 1785. Is c composite?
True
Suppose -z + 4*u + 6 = -2, 0 = -u - 2. Suppose 8 = -2*d + 14. Suppose -o + 3*w + 627 = -734, z = d*o + 3*w - 4083. Is o composite?
False
Suppose -34*x + 6*x = 66*x - 3109614. Is x prime?
False
Suppose -509*j + 507*j = -60314. Is j prime?
False
Let b(o) = o**3 + 2*o**2 - 2*o. Let k be b(1). Let z be (19 - 21) + (k + 0 - -5553). Suppose -n + z = 7*n. Is n a prime number?
False
Let i(k) be the second derivative of -6*k + 0 + 151/6*k**3 + 14*k**2. Is i(9) composite?
True
Let k(f) = 27*f**2 - 267*f + 29. Is k(-12) prime?
True
Let u be 39585 + -1 + 4 + -7 + 2. Let j = -26044 + u. Is j a composite number?
True
Let j(g) = 7743*g - 1409. Is j(6) a composite number?
True
Suppose 4*w - 30 = w. Suppose -5*u = -10*u - w. Is (4/(-6))/(15348/7677 + u) prime?
True
Let y(a) = -a**3 + 11*a**2 + 4*a + 95857. Is y(0) a composite number?
False
Let r be (3*5/30)/(1/283274). Let s = r + -65076. Is s a composite number?
False
Let z(h) = 97 - 14092*h + 4623*h - 73. Is z(-1) a prime number?
False
Let k(m) = -2*m - 23. Let z be k(-18). Let r be (-14 + z)/((-1)/224). Suppose 5*h + r = 2719. Is h prime?
True
Suppose -157387241 - 98553380 - 29119952 = -189*i. Is i prime?
False
Let m(y) = 1941*y**2 + 5*y + 5. Let i(t) = t + 1. Let z be i(-2). Is m(z) composite?
True
Let k(i) = i**2 + 2*i + 3. Let c be k(-5). Suppose 6*n - 3*d = 3*n - c, 4*n = -5*d - 69. Is n*(-314)/(-8)*(7 + -11) prime?
False
Suppose 7*x - 42 = -7. Let m be 18/x + (-6)/(-15). Suppose 0 = 3*n, 5*y + m*n - 1480 = 2490. Is y composite?
True
Let z(v) be the first derivative of 29*v**2 - 27*v - 17. Is z(2) prime?
True
Let n(c) = -2*c**2 - 17*c - 5. Let l = 37 - 45. Let i be n(l). Is (-1 + i)/((-10)/(-6905)) composite?
False
Suppose -15 = 4*g - 63. Suppose g*p - 4 - 56 = 0. Is (7902/(-45))/((-2)/p) prime?
True
Suppose 5*g - 2*g + 36182 = j, 0 = -j - 1. Let k = -7619 - g. Is k composite?
True
Suppose -8847373 = -21*h + 14169278. Is h a composite number?
False
Let p(m) = 16921*m + 1048. Is p(13) composite?
False
Let m = 3347 - 4874. Let c be 2927 + (0 + 2 - 3). Let x = c + m. Is x a prime number?
True
Suppose -46 + 34 = -4*r. Suppose r*p + 8561 = 2*t, 17123 = 4*t - 3*p - 2*p. Suppose 0 = -4*o + 3*f + 9914, -3*o + f + 3151 + t = 0. Is o prime?
True
Let f = -37 - -32. Let o(h) = h**3 + 4*h**2 - 10*h - 4. Let v be o(f). Is (-1)/3 + 32620/v a composite number?
False
Let z(a) = a**2 + 13*a + 4. Let q be z(-13). Suppose k = 2*k, q*k + 8354 = 2*m. Is m composite?
False
Let k(z) = 4*z - 10. Let y be k(5). Let i be (-1)/((-12)/y + (2 - 1)). Suppose -2*s - 2*u + 925 = 135, 3*s - i*u - 1185 = 0. Is s a prime number?
False
Is (2/6 + 8/(-12))*(3 + -2300040) a composite number?
False
Suppose -2*b - 7 = 5*x, -1 = 4*b - 2*x - 23. Let k be ((-2928)/256)/(9/(-12)) + (-6)/(-8). Suppose 0 = b*g + k, y + 2*g = -221 + 1490. Is y a composite number?
False
Let q = -361903 + 741074. Is q prime?
False
Is 680/(-272)*((-177658)/10 + -1) prime?
True
Let m(l) = -15*l**3 + 10*l + 1. Let o(k) = -6*k - 148. Let u be o(-23). Is m(u) prime?
False
Let m(c) = -777*c + 22. Let d be -7*2*4/(-56) + -6. Is m(d) composite?
False
Suppose 5*i - 13706 = -4*l, -4*l - l = 3*i - 17139. Suppose 11*b = 2*b + l. Suppose r - 4*r = -b. Is r composite?
False
Let d(y) = y**2 + 22*y + 40. Let l be d(-20). Suppose 20 = 5*t, 0 = -4*i + 3*t - l*t + 63784. Is i a composite number?
True
Let z be 42 + -43 + 5*1. Suppose -z*y - 19*y = -5129. Is y prime?
True
Let v = -9980 - -18367. Let g = v + -5478. Is g composite?
False
Let t = -91608 + 160979. Is t a composite number?
False
Suppose 2*t + 4*v = -2*t + 16, 5*t - 13 = 2*v. Suppose 2*k + t*f = 617, 25*k - 30*k = 3*f - 1538. Is k prime?
True
Let t = -29 - -34. Suppose 5*a + t*s + 145 = 390, -a + 61 = -5*s. Suppose 2*f = 3*n + a + 71, f - 2*n = 62. Is f a prime number?
False
Let m(x) = x**3 - 14*x**2 - x + 20. Let d be m(14). Suppose 0 = d*z - 31722 - 27504. Is z prime?
True
Suppose -2 = -4*o - 3*x, 2*o - 3*x = -0*o + 10. Suppose -2*m + 4139 = 3*u - 5307, 0 = m - o*u - 4730. Is (-10)/(-25) - m/(-10) a prime number?
False
Suppose -2*i + 3*h + 41280 + 1086172 = 0, 563731 = i - 4*h. Is i a prime number?
True
Suppose -15*l + 51 + 159 = 0. Is 7/(28/1906)*l prime?
False
Let h(v) = -14*v - 119. Let d be h(-9). Is (1 - d)*1 + 1268 a prime number?
False
Suppose 3*u + 52 + 107 = 0. Let j = u - -56. Suppose -4*h + 4530 = 2*y, 4*y + j*h - 9008 = 8*h. Is y a prime number?
False
Suppose 8*z = 13*z - 90. Let n be 26/(-117) - 752/z. Is ((-85)/(-3))/((-14)/n) a composite number?
True
Suppose -2*b + 13*q = 18*q - 77162, 38581 = b + 5*q. Is b composite?
True
Suppose -17*m + 14*m + 3165 = 0. Suppose 1625 = 3*d - t, 0 = -2*d - 2*t + 23 + m. Is d a prime number?
True
Suppose 64*m + 5409 = 61*m. Let u = 2993 + m. Suppose -h - 4*a + 131 + 184 = 0, 0 = 4*h + 2*a - u. Is h a composite number?
True
Let m(s) = -s**3 + 16*s**2 + 18*s - 17. Let b be m(17). Suppose b = -2*i - 5*z - 88 + 1530, -5*z = 3*i - 2163. Is i prime?
False
Let k(x) = 1404*x - 1927. Is k(20) a composite number?
False
Let i be 2*(495/6)/(-5) + 1. Let l(c) = -130*c - 175. Is l(i) prime?
False
Let v(x) = 4971*x - 490. Is v(11) composite?
True
Suppose -25 = -2*l - 3*l. Suppose -3*r - 3 = -3*f, 12*r - 3 = 9*r + f. Suppose s - 3*y + r*y = 8607, 3*y = -l*s + 43051. Is s prime?
True
Suppose -190253 = -2*v - 28951. Is v a prime number?
True
Let l = -13 + 16. Suppose l*i = -3*i + 7596. Suppose -8*k = -10*k + i. Is k a composite number?
True
Suppose -6*q + 32*q = 100958. Suppose j = -10*j + q. Is j prime?
True
Suppose -2*r + 3 = i, -3*i = 2*i + 4*r - 21. Suppose -9*d + i = -4*d. Is d/((-1)/(-2))*(-233)/(-2) a prime number?
True
Let 